igit of y?
6
Let g be 4*(-1 - 0 - -3). Let x(j) = 3*j - 13. Let o be x(g). Let v = o + 100. What is the hundreds digit of v?
1
Let f be 716/18 - (-18)/81. Let x = -38 + f. Suppose 230 = x*s - 78. What is the tens digit of s?
5
Let a(l) = 33 - 19*l**2 - 54*l + l**3 + 11 - 21. What is the units digit of a(22)?
7
Let g(d) = 4*d - 9. Let m be g(3). Suppose 4*r - m*v = 2*r + 1407, -v = 3*r - 2138. What is the tens digit of r?
1
Let v(i) be the first derivative of 2*i**3/3 - 3*i**2/2 - 3*i - 1. Suppose -136 = 137*m - 103*m. What is the tens digit of v(m)?
4
Let u(x) = x**2 - 15*x + 29. Let r be u(13). Let o(g) = 28*g**3 + 2*g**2 - g - 6. Let c be o(r). Suppose -c = -15*m + 795. What is the units digit of m?
4
Let k = -7253 + 15682. What is the thousands digit of k?
8
Let z(p) = 34*p - 1913. What is the units digit of z(99)?
3
Let y = 4662 + 1155. What is the hundreds digit of y?
8
Suppose 14*a - 96915 = -a + 2*a. What is the hundreds digit of a?
4
Let g = -29 - -34. Suppose -4*p = -g*v - 3986, -990 = -5*p + 4*p - 2*v. What is the hundreds digit of p?
9
Let u(p) = 20*p + 26. Let y be u(2). Suppose 0 = 2*s + 2, -t = 5*s - 4*s - y. What is the units digit of t?
7
Let k(f) be the second derivative of -6*f**3 + 17*f**2 - 8*f + 9. What is the hundreds digit of k(-9)?
3
Suppose 0 = -3*q - 0*g + g - 227, -5*q + 4*g = 390. Let c = 261 - 121. Let z = c - q. What is the hundreds digit of z?
2
Let h(w) = -w**3 - 17*w**2 - w - 8. Let q be h(-17). Let d be q + 1 - 15/15. What is the units digit of 50/(d/2 + -4)?
0
Suppose 4*w + 5*v - 740 = 0, -w - 3*v = -152 - 40. Suppose 18*r - 30*r = -w. Suppose 0 = r*g - 23*g + 2184. What is the hundreds digit of g?
2
Suppose 0 = 4*y - 0*y - 20. Suppose 3*v - 9 - 14 = 2*n, -n = -y*v + 29. Suppose v*g = 79 - 54. What is the units digit of g?
5
Suppose -282704 = -83*m + 382043. What is the hundreds digit of m?
0
Suppose -q = o + 679, 3*q + 707 + 1295 = 4*o. Let k = -463 - q. What is the units digit of k?
1
Let p = -16 - -69. What is the tens digit of p + 5 + -2 + -5*1?
5
Suppose -16*m = -107061 - 9499. What is the hundreds digit of m?
2
Let w(c) be the first derivative of 4*c**2 - 33*c + 2. Suppose 0 = 7*k - 3*k + 4*y - 24, 5*k + 3*y = 36. What is the units digit of w(k)?
9
Let h(u) = -u**3 - 5*u**2 + 54. Suppose -4 = 17*p - 4. What is the units digit of h(p)?
4
Let h(w) = -7*w + 106. Let j be h(32). Let y = j + 342. What is the tens digit of y?
2
Let z = -22 + 26. Suppose -4*x = z*l - 2200, -2*x = l + 4*l - 2750. What is the tens digit of l?
5
Let l = 1157 - 432. Let h = l + -404. What is the hundreds digit of h?
3
Let s = -156 - -163. Suppose 2*y + q + 18 = 0, 2*q = 3*y + s*q + 34. Let w = 165 - y. What is the units digit of w?
3
Let w = 18461 + -6614. What is the tens digit of w?
4
Let z = -7250 + 11381. What is the units digit of z?
1
Let q be 2/(-9) - 250/90. Suppose -955 = 4*y + 5*l, 0*l + 4*l + 716 = -3*y. What is the units digit of (y/(-50))/(q/(-20))?
2
Suppose 29*s - 24 = 31*s. Let q(y) = -2*y - 19. Let c be q(s). Suppose 0 = -0*k + c*k - 85. What is the tens digit of k?
1
What is the units digit of (1*-1671)/(4697/2310 - 14/6)?
0
Suppose -2*k + 5*b = -0*k - 11, b = -2*k + 17. Let u be 10/k*(-59 + -1). Let i = u - -192. What is the units digit of i?
7
Let v(y) be the third derivative of -y**5/20 + y**4/8 - 2*y**3/3 + 29*y**2. Let s be v(1). Let m(h) = 3*h**2 - 4*h - 8. What is the tens digit of m(s)?
5
Let s = 66 + -63. Let k(u) = 0 + 4*u - 42*u**3 - 9*u**s - 6*u**3 - u**2 + 4. What is the tens digit of k(-1)?
5
Let z be ((-14)/(-4))/((11/82)/11). Let g = z + 28. Let y = 457 - g. What is the hundreds digit of y?
1
Let d be -1 + (-19)/(38/(-12)). Suppose -8*s + d*s + 1032 = 0. What is the tens digit of s?
4
Suppose 0 = -2*c + 287 - 219. Suppose 2 = -4*h + 10. Suppose 0 = -b - m + 17, -2*b - 3*m + h = -c. What is the tens digit of b?
1
Let n(d) = 2*d**3 - 9*d**2 + 15*d - 51. Let p be n(8). Suppose 12*t - 9*t - z = 1603, -t + p = 4*z. What is the hundreds digit of t?
5
Let i = 817 + 5833. What is the thousands digit of i?
6
Let r = -15784 + 25563. What is the units digit of r?
9
Let d be ((-1)/(-1))/(1/198). Let l = -1622 - -1627. Suppose 2*w = -6*m + 3*m + d, l*w + 177 = 3*m. What is the units digit of m?
4
Let q(g) = -24*g + 13. Let m = -73 + 69. What is the units digit of q(m)?
9
Let g = -187 - -208. Suppose -3*y + 18*w = g*w - 3255, w - 5 = 0. What is the tens digit of y?
8
Suppose 827 = -6*v - 8677. Let s = 3359 + v. What is the hundreds digit of s?
7
Let r(x) = 6*x**2 - 4*x + 41. Let f be r(-20). Let s = -1712 + f. What is the tens digit of s?
0
Suppose 37 = 4*l + 5. Let x = -3713 - -3749. What is the tens digit of x*((-18)/l + 4)?
6
Let o = -542 + 35470. What is the hundreds digit of o?
9
Let u(c) be the first derivative of c**2/2 - 4*c - 1. Suppose 43*b - 45*b + h = -18, -5*b + 56 = 3*h. What is the units digit of u(b)?
6
Let s(o) = o**2 + o - 101. Let d be s(0). Let k be 207 - (100 - 100)*1/3. Let y = d + k. What is the hundreds digit of y?
1
Suppose -5*g = 4*n + 1275, 3*g + 1042 = -4*n - 235. Let r = 618 + n. Let s = 535 - r. What is the units digit of s?
7
Let f(b) = 205*b - 984. What is the tens digit of f(34)?
8
What is the units digit of (21 + (19 - 32))/(4/16114)?
8
Let m(a) = 8124*a**3 + 16*a - 21. What is the units digit of m(2)?
3
Suppose 3*y + 135 - 141 = 0. Suppose 0 = -p - 4*r - 5, 7*p - y*r = 5*p. What is the tens digit of 26315/133 + p/(-7)?
9
Let i = 27 - 28. What is the units digit of i/8 - 45798/(-48) - -2?
6
Let f = 1293 - 73. Suppose 0 = -4*l, 0*r + 3*l = -4*r + f. What is the units digit of r?
5
Let r = 127994 + -85610. What is the ten thousands digit of r?
4
Let a(r) = 13*r - 5. Suppose 25*y - 80 = 20*y. Let q be y/(-20)*(-10)/4. What is the tens digit of a(q)?
2
Let t(z) = 4*z**2 - 56*z + 32. Suppose 5*g - 78 = 62. What is the units digit of t(g)?
0
Let g(z) = 4*z + 35. Suppose 0 = 3*r + 30 - 6. Let b be g(r). Suppose 5*v - a = 203, 0 = 3*v - 0*a - b*a - 129. What is the units digit of v?
0
Let r be 963 + 6 + 0 + -11. Suppose -r = 12*g - 2914. What is the tens digit of g?
6
Let o = -28302 - -78352. What is the units digit of o?
0
Let l = 56 - -1189. Suppose -3*y - 417 = -l. What is the tens digit of y?
7
Let i(q) = 14*q - 11. Suppose 4*d = -0*p - 3*p + 10, -5*d = 5*p - 25. Suppose -3*l + 3 = -6*l, 2*s - 2*l - p = 0. What is the units digit of i(s)?
5
Suppose 0*i = 5*l - 2*i + 2230, -2*i + 1784 = -4*l. Let n be 9/(126/4) + l/(-7). Suppose -n*d + 70*d - 1164 = 0. What is the units digit of d?
4
Suppose -2*s - 6 + 173 = -5*c, 0 = 4*c - 3*s + 128. What is the tens digit of (-10630)/c + (-16)/(-56)?
0
Let l be 1*4 - ((-12)/(-4) + -2). Suppose -l*v - 107 = -308. Suppose 5*q = -c + 33, -3*c + 5*q - v = -246. What is the tens digit of c?
5
Let h(i) = -i**2 + 28*i + 1. Let c be h(27). Suppose 0 = -c*q - 8*q + 37836. What is the hundreds digit of q?
0
Let h = -435 + 206. Let i = -125 - h. What is the units digit of i?
4
Let g = 49 + -47. Suppose -g*a - 36 = a. What is the tens digit of -4 - 3/(a/316)?
7
Let s be (-28)/(-3)*(-45)/54*-9. Suppose -3432 = s*k - 74*k. What is the units digit of k?
8
Let q(f) = -4*f**2 - 330*f - 3. What is the hundreds digit of q(-65)?
5
Let j = -5069 + 11304. What is the tens digit of j?
3
What is the tens digit of -6*(-5124)/(8 + 6)?
9
Let l = -24 + 152. Suppose -28*k = -27*k + l. Let b = -71 - k. What is the tens digit of b?
5
Suppose -3*t = 2*y - 23570, t + 3*y + 42 - 7894 = 0. What is the thousands digit of t?
7
Suppose 0 = 2*p + 723 + 19. Let h = p + 529. Suppose 2*a - 288 = -3*v, 0 = a - v - v - h. What is the hundreds digit of a?
1
What is the hundreds digit of (145 - 1)/(34 + (-329841)/9702)?
7
Suppose 2*b - 112 = t, -24 = b - 4*t - 66. What is the tens digit of 1*(-1 - b)*(-4)/4?
5
Let l(o) = o**3 + 2*o - 150. Suppose 0 = 3*s - 0*s. Let z be l(s). Let t = 266 + z. What is the units digit of t?
6
Let d be (-34396)/(-28) - 15/35. Suppose 5*c + 0*w - d = w, -5*c = 3*w - 1216. What is the tens digit of c?
4
Let g(n) = -n. Let v be g(-5). Suppose -2*p + v + 20 = 5*d, 0 = -5*p. Let k(m) = -m**2 + 9*m + 13. What is the units digit of k(d)?
3
Let n(d) = -2*d**2 - 8*d - 24. Let h(c) = c**2 - c - 1. Let b(f) = 6*h(f) + n(f). What is the hundreds digit of b(13)?
4
Suppo